115. List the prime factors of n.
3, 103
What are the prime factors of 1/1 - (-64302)/7?
9187
Suppose 0 = -4*f + 4, 162*n - 164*n + 4*f = -10728. What are the prime factors of n?
2, 2683
Let j(p) = -6*p - 90. Let i be j(-35). List the prime factors of (2/12)/1 - (-33220)/i.
277
Suppose 0 = 2*k + 3*r + 1 - 0, 4*r + 12 = 0. Suppose -1 = k*o + 111. What are the prime factors of 262/8 - 7/o?
3, 11
Let n(d) = d**2 + 2*d + 1. Let y be n(-3). Let v(x) = 12*x**2 + 3*x - 20. What are the prime factors of v(y)?
2, 23
Let n(g) = -4*g**3 + 68*g**2 + 4*g + 22. Let a be n(17). Let j(f) = -11*f - 1. Let s be j(-3). Let c = a + s. What are the prime factors of c?
2, 61
Let t(b) = -b**3 - 8*b**2 + 3*b + 29. Let a be t(-8). Suppose 3*g + 2*i - 442 = 6*i, -3*i - 744 = -a*g. What are the prime factors of g?
2, 3, 5
Suppose -2*w - 9*o = -12*o + 1892, -5*o = 2*w + 1860. List the prime factors of ((-4)/12 - (-8)/(-12))*w.
2, 5, 47
Let u(n) = -55*n - 2111. List the prime factors of u(-64).
1409
Let s(f) = 1723*f**2 + 3*f - 8. Let v be s(2). Suppose 6*g + 7*g = v. What are the prime factors of g?
2, 5, 53
Let v(w) be the third derivative of -163*w**4/24 - 25*w**3 + 48*w**2. List the prime factors of v(-4).
2, 251
Suppose 5996 = t - 2*h, -4*t + 30028 = -3*h + 6019. What are the prime factors of t?
2, 3, 7, 11, 13
Let q = -75106 - -113799. List the prime factors of q.
38693
What are the prime factors of -12 + (-7)/14*(-54112 - 0)?
2, 6761
Suppose -60*j = 142172 - 507332. What are the prime factors of j?
2, 17, 179
Suppose 4*z = -5*t + 31964, -18*t - 16 = -14*t. What are the prime factors of z?
2, 1999
Let g be ((-26415)/30)/(2 + (-15)/8). What are the prime factors of (-1 - (-9)/(-6))*g/15?
2, 587
Suppose o + 21 = 2*n, -o = 3*o - 4. Suppose -4*p = -5*v - n, 0*p - 3*v = 4*p - 19. Suppose 156 - 672 = -p*y. List the prime factors of y.
3, 43
Let y be (-4)/(-3) - (-8)/12. Suppose -y*w = 4*k - 46, -k - k - 101 = -3*w. Suppose -n + 86 = -w. What are the prime factors of n?
3, 13
Let u = 7894 + -3031. List the prime factors of u.
3, 1621
Let m = 4 - 2. Let t = -163 + 167. Suppose 5*f - t*f - 81 = -k, -m*f - 72 = -k. What are the prime factors of k?
2, 3, 13
Let g(k) = 401*k**2 + 112*k - 1385. List the prime factors of g(11).
2, 3023
Suppose -7*p + 3*p = -660. Let x be ((-36)/(-15) + 2)*30/2. Let b = p - x. What are the prime factors of b?
3, 11
Let x(z) = z**3 - 6*z**2 + 3. Let r be x(6). Suppose 6 = 3*p, -4*c - 8*p = -r*p - 94. Suppose -27*f - c = -28*f. List the prime factors of f.
3, 7
List the prime factors of (-2)/((-8)/(-5853))*(-50 + 12 - -22).
2, 3, 1951
Let r be (-12)/(-18)*(-3)/2. Let h be 4/r - -6 - (-1 - 339). Suppose -9*g = -3*g - h. List the prime factors of g.
3, 19
Let g = 56 + -53. Suppose u + 8 = 3*j, 2*u + g*u - 28 = -2*j. Suppose -4*x + 8 = 0, 4*p = j*x + 88 + 356. List the prime factors of p.
113
Suppose 35 - 13 = 3*v + 2*x, -5*v + 24 = -3*x. What are the prime factors of (-2)/6*(-495 - v)?
167
Suppose 3*r = -4*b + 1656, -5*b + 2075 = 6*r - r. Let v = b + -312. What are the prime factors of v?
3, 11
Suppose -6 = -52*s + 50*s. Suppose 0 = -s*y + 512 + 454. Suppose -20*p = -6*p - y. List the prime factors of p.
23
Suppose 2 + 4 = o - 5*t, 5*t = 10. Suppose -o - 12 = -4*q. Suppose 0 = -q*v + 8*v - 88. What are the prime factors of v?
2, 11
Let p(n) = 14*n**2 + 10*n - 1. Suppose -5*h - 6*k + 9*k = -8, 0 = 3*h + k - 16. List the prime factors of p(h).
263
Let o(f) = 25 + f**3 - 5*f**2 + 2*f**2 - 2*f - 11 - 4*f**2. Let v be o(7). Suppose v = -4*n - 0*n + 1004. List the prime factors of n.
251
Suppose 1 = -10*j + 1. Let b(r) = 6*r + 677. What are the prime factors of b(j)?
677
Let f be 6*(-5)/(-2 + -3). Suppose -3*x + f = -0. Suppose -c + 22 = 2*l, -l - 41 = -2*c - x*l. List the prime factors of c.
2, 5
Let x = 282 + -282. Suppose -6*h + 2*h - 2*v = -5560, x = 5*h + 2*v - 6948. List the prime factors of h.
2, 347
Suppose 0 = -4*r - 4*k + 6 + 6, 3*r - k - 9 = 0. Let x(u) = -333*u**2 - u - 8. Let b be x(r). What are the prime factors of (b/4)/(-4) - -5?
193
Let r = -15 - -9. Let c(g) = -20*g - 8. Let i(w) = 6*w + 2. Let b(t) = 5*c(t) + 16*i(t). What are the prime factors of b(r)?
2
Suppose -3*n - 408*a + 413*a = -60753, -2*n + a = -40502. List the prime factors of n.
7, 11, 263
Let a be (-3 + 1)/((-2)/24). List the prime factors of (16/a)/((-4)/(-2298)).
383
Suppose -45*j = -41*j - 12260. Let c = j - 1719. What are the prime factors of c?
2, 673
Let f(o) = o + 20. Let j be f(-20). Suppose 2*h + 15 = -3*x, j = -h + 2*h - x - 5. List the prime factors of (14 - h)*(-304)/(-32).
7, 19
Let p = 60229 - 34944. List the prime factors of p.
5, 13, 389
Suppose -5*g - 9 = -4*n, 5*n - 6 = 2*g + 1. Let x(i) = -48*i**2 + i - 2. Let b be x(n). Let w = b - -53. What are the prime factors of w?
2
Suppose -2*w + 5402 = -11880. What are the prime factors of w?
8641
Suppose -2*a + 73515 = -31*a + 240584. List the prime factors of a.
7, 823
Let g(n) = 61*n**2 - 168*n - 1197. List the prime factors of g(-7).
2, 7, 53
Let t(s) = 2645*s + 16571. List the prime factors of t(12).
48311
Suppose 8170*o + 22224 = 8174*o. List the prime factors of o.
2, 3, 463
Suppose -99*s - 3897552 = -247*s + 100*s. List the prime factors of s.
81199
Suppose 0 = 239*d - 6886497 + 317104. List the prime factors of d.
27487
Suppose 2*l - 10 = -5*t, 5*t - 10 = -l - 0. Let r(m) = -12*m - 6 - 18*m**t - m**3 - 11*m + 32*m**2. List the prime factors of r(10).
2, 41
Suppose -2*k - 5*u + 91742 = 0, -3*u + 135 - 159 = 0. List the prime factors of k.
3, 5099
What are the prime factors of (40/6)/((-14675)/(-7335) + -2)?
2, 3, 5, 163
Suppose 5*s = -0*s + 1665. Suppose -9*i - s = -927. Let h = i - 54. What are the prime factors of h?
2, 3
Let j = 1500 - 1497. Let b be 54 - (4/2 + 0). Suppose x = -3*c + b, -x - j*x = -3*c - 238. List the prime factors of x.
2, 29
Let o be (-1 - 1)*2 - -6. Suppose d - b = -2*b + 30, -d + 39 = -o*b. What are the prime factors of d?
3, 11
Suppose -i = -4*i - 4*h + 11, -4*i + 19 = h. Let f = 1 - 1. Suppose i*t = -5*y + 655, 146 = y + 4*t - f*t. List the prime factors of y.
2, 3, 7
Suppose 0 = g - 5*g + 8. Suppose -132 = -k - g*k. Suppose 2*t = -2*w + k, 101 = 7*w - 2*w - 4*t. List the prime factors of w.
3, 7
Let k(n) = 70*n**2 - 7. Let a be k(-2). Let v = 880 - a. What are the prime factors of v?
607
Suppose 0 = u + 42 - 37. What are the prime factors of (-1008)/u + -1 + (-122)/(-305)?
3, 67
Let w(h) = -2*h**3 + 60*h**2 + 43*h + 11. List the prime factors of w(19).
2, 5, 877
Suppose -3*x + 235 = -1532. Let b = -403 + x. What are the prime factors of b?
2, 3, 31
Let r(k) = k**3 + k**2 + 5*k + 3673. What are the prime factors of r(0)?
3673
Suppose 0 = 4*w + 4. Let l = w + 1. Suppose 34*v - 37*v + 33 = l. What are the prime factors of v?
11
Let g be (0 - 23202/45) + (-4)/10. List the prime factors of ((-2)/4 + -1)*(10 + g).
3, 11, 23
Let p = 47 + -44. Suppose m = p*o - 781, -2*o - 4*m + 569 = 53. List the prime factors of o.
2, 5, 13
Suppose 370980 + 170723 - 97319 = 48*h. What are the prime factors of h?
2, 3, 1543
Suppose -2*t - 17*p = -13*p - 11176, -t = 5*p - 5585. What are the prime factors of t?
2, 5, 13, 43
Let k(t) = 27*t - 30. Let m be k(9). Suppose -x = -119 - m. Let f = x + -223. What are the prime factors of f?
109
Let d be (-6 - -19)*(2 - 52). Let x = d + 1353. List the prime factors of x.
19, 37
Suppose -101*h = -62*h - 786006. List the prime factors of h.
2, 3, 3359
Let j(f) = -f**3 - f**2 + 3*f + 2. Let m be j(-4). Let c = -36 + m. Suppose c*s - 5*s + 3*p + 183 = 0, s - 4*p - 49 = 0. List the prime factors of s.
5, 13
Let m(x) = x + 18. Let d be m(-6). Suppose 4*z - 17 = 3*c, 0*z - 2*c = 2*z - d. Suppose -155 = -z*w + 365. List the prime factors of w.
2, 13
Let t = 1596 - 729. List the prime factors of (-1 + t/(-9))*714/(-68).
2, 7, 73
Let m(w) = 83*w - 8. Suppose -4*c + 5*a = -34, -4 = 4*c + 3*a - 22. List the prime factors of m(c).
2, 5, 7
Suppose 0 = 5*k - 19 - 6, -2*k - 110 = 5*b. Let f = -87 - b. Let o = 145 + f. List the prime factors of o.
2, 41
List the prime factors of -3 - ((-33 - -13) + -35160).
29, 1213
Suppose 0 = -4*i + 130*o - 133*o + 33355, 4*i = -5*o + 33349. List the prime factors of i.
19, 439
Let u = -568 + 262. Let c = 714 + u. Suppose 3*g = -5*g + c. Lis